{"id":14,"date":"2018-02-11T22:49:22","date_gmt":"2018-02-11T21:49:22","guid":{"rendered":"http:\/\/www.eichhof.org\/stiftung\/?page_id=14"},"modified":"2018-02-12T19:46:24","modified_gmt":"2018-02-12T18:46:24","slug":"lebensgemeinschaft","status":"publish","type":"page","link":"https:\/\/www.eichhof.org\/stiftung\/lebensgemeinschaft\/","title":{"rendered":"Die Lebensgemeinschaft"},"content":{"rendered":"<p>Am Ortsrand des Dorfes Br\u00f6leck, aber schon auf dem Gebiet der Gemeinde Much im Oberbergischen Land, hat die Lebensgemeinschaft Eichhof ihr eigenes kleines Dorf mit 12 Wohnh\u00e4usern, Werkst\u00e4tten, landwirtschaftlichen Geb\u00e4uden und einem Haus der Begegnung. Hier finden 120 geistig behinderte erwachsene Menschen alle Voraussetzungen, um gemeinsam zu leben und zu arbeiten. \u00dcber 100 Mitarbeiter unterst\u00fctzen sie dabei.<\/p>\n<p>Die Strukturen der Gemeinschaft und die professionelle Arbeit orientieren sich am Menschenbild von Rudolf Steiner und der von ihm entwickelten Anthroposophie.<\/p>\n<p>Mit enormem pers\u00f6nlichen und finanziellen Engagement realisierten die Mitglieder unserer Elternvereine 1993 den Kauf des b\u00e4uerlichen Betriebs \u201eEichhof\u201c mit circa elf Hektar landwirtschaftlich genutzter Fl\u00e4che. Zahllose Stunden harter Arbeit wurde in den Um- und Aufbau investiert. Im Januar 1996 zog die erste Gruppe von elf Menschen in das mit vielen Eigenleistungen der Mitglieder unserer Gr\u00fcnderkreise umgebaute alte Bauernhaus ein. Ein Jahr sp\u00e4ter folgte bereits die zweite Gruppe, f\u00fcr die der erste Neubau erstellt wurde. Im Januar 2000 wurden vier weitere Neubauten bezogen. Zeitgleich er\u00f6ffnete die Gemeinschaft in einem Neubau auf dem selben Gel\u00e4nde eine eigene anerkannte Werkstatt f\u00fcr Menschen mit Behinderungen (WfbM), die seitdem alle Bewohner besuchen.<\/p>\n<p>Der weitere Ausbau erfolgte mit drei neuen H\u00e4usern im Januar 2002 und zwei H\u00e4usern, die im September 2005 bezogen wurden. Im Jahr 2004 erweiterten die Gemeinschaft ihr Angebot um das ambulant betreute Wohnen, f\u00fcr das in einem Einfamilienhaus f\u00fcnf Pl\u00e4tze in einer Wohngemeinschaft eingerichtet wurden. Daneben wurden in den H\u00e4usern auch 23 Wohnungen f\u00fcr Betreuer und ihre Familien geschaffen. Fortbildungen, Konzerte, Theaterspiel, Volkstanz, Malen, gemeinsames Musizieren und Sportangebote erm\u00f6glichen ein anregendes und abwechslungsreiches Leben.<\/p>\n<p>Diese Freizeitangebote geben den Bewohnern die Gelegenheit, Gemeinschaft in unterschiedlichen Kreisen und Formen zu erleben und Freundschaften zu schlie\u00dfen.<\/p>\n","protected":false},"excerpt":{"rendered":"<p>Am Ortsrand des Dorfes Br\u00f6leck, aber schon auf dem Gebiet der Gemeinde Much im Oberbergischen Land, hat die Lebensgemeinschaft Eichhof ihr eigenes kleines Dorf mit 12 Wohnh\u00e4usern, Werkst\u00e4tten, landwirtschaftlichen Geb\u00e4uden und einem Haus der Begegnung. Hier finden 120 geistig behinderte erwachsene Menschen alle Voraussetzungen, um gemeinsam zu leben und zu arbeiten. \u00dcber 100 Mitarbeiter unterst\u00fctzen [&hellip;]<\/p>\n","protected":false},"author":1,"featured_media":0,"parent":0,"menu_order":0,"comment_status":"closed","ping_status":"closed","template":"","meta":[],"_links":{"self":[{"href":"https:\/\/www.eichhof.org\/stiftung\/wp-json\/wp\/v2\/pages\/14"}],"collection":[{"href":"https:\/\/www.eichhof.org\/stiftung\/wp-json\/wp\/v2\/pages"}],"about":[{"href":"https:\/\/www.eichhof.org\/stiftung\/wp-json\/wp\/v2\/types\/page"}],"author":[{"embeddable":true,"href":"https:\/\/www.eichhof.org\/stiftung\/wp-json\/wp\/v2\/users\/1"}],"replies":[{"embeddable":true,"href":"https:\/\/www.eichhof.org\/stiftung\/wp-json\/wp\/v2\/comments?post=14"}],"version-history":[{"count":4,"href":"https:\/\/www.eichhof.org\/stiftung\/wp-json\/wp\/v2\/pages\/14\/revisions"}],"predecessor-version":[{"id":66,"href":"https:\/\/www.eichhof.org\/stiftung\/wp-json\/wp\/v2\/pages\/14\/revisions\/66"}],"wp:attachment":[{"href":"https:\/\/www.eichhof.org\/stiftung\/wp-json\/wp\/v2\/media?parent=14"}],"curies":[{"name":"wp","href":"https:\/\/api.w.org\/{rel}","templated":true}]}}